*r + 7. What is the remainder when h(14) is divided by 36?
19
Let t(h) = -3*h**2 + 9*h + 3 - 1 + 2*h**2 + 2. Suppose 6*c + 22*c - 4437 = -c. What is the remainder when c is divided by t(6)?
21
Let w = 221 - 135. Let x = -85 + w. What is the remainder when (1 + 61 - x) + -2 is divided by 20?
19
Suppose -19 = -5*s - 4*j, 5*s = -222*j + 224*j + 43. What is the remainder when 167 is divided by s?
6
Let s(k) = k**3 - k**2 + k. Let a be s(2). Suppose 8 = -4*q, -4*r + 34 = -3*q - 2*q. Calculate the remainder when 42/4 + (-3)/a is divided by r.
4
Let r(h) = -h + 4. Let x be r(6). Let f = 564361 + -564354. What is the remainder when f is divided by (1 - 5/2)*x?
1
Let w be 0/((-5)/10*-6). Suppose w = 5*p - 77 - 63. What is the remainder when 167 is divided by p?
27
Let r = -669 - -680. Calculate the remainder when 109 is divided by (r - 2) + (-552)/(-12).
54
Suppose 20 = -4*r + 7*r + i, -2*r + 4*i + 32 = 0. What is the remainder when 999 is divided by r?
7
Suppose 0 = l + 3*a - 541, -15*a = -2*l - 20*a + 1080. What is the remainder when l is divided by 77?
73
Let h(g) = 2*g**3 - 11*g**2 + 3*g - 46. Calculate the remainder when 4637 is divided by h(6).
5
Suppose 3*t - 9 = 0, -t + 3 = -m + 3*m. Suppose -5*d = -16 - 9, 2*j - 5*d - 147 = m. What is the remainder when j is divided by 11?
9
Suppose -6*z - 2*g = -9*z + 4766, -2*z = -2*g - 3174. Calculate the remainder when z is divided by 84.
80
What is the remainder when 513 is divided by (-2)/(-31) - (-9867)/341?
20
Suppose 2*p - 7*p + 5*b + 420 = 0, -5*b = -2*p + 168. Calculate the remainder when p is divided by 12/(-42) + ((-317)/(-7) - 2).
41
What is the remainder when 30/75 - (-15144)/40 is divided by 109?
52
What is the remainder when 53 is divided by (-24)/84 + 570/35?
5
Suppose 0 = -3*p + 5*p - 0*p. Suppose -2*a - a + 204 = p. Suppose 0 = -5*t - 5*b + 365, 0*t + t - a = 4*b. Calculate the remainder when t is divided by 31.
10
Let j(u) = -4*u**3 - 21*u**2 - 13. Let q(s) = 5*s**3 + 22*s**2 - s + 12. Let w(r) = 4*j(r) + 3*q(r). What is the remainder when w(-18) is divided by 5 + -1*3/3?
2
Suppose -p = 0, w + 3*p - 62 = -p. Let i(z) = 2*z**3 + 36*z**2 - 2*z - 14. Suppose 2*x + 60 = 24. Calculate the remainder when w is divided by i(x).
18
Let b(i) = 4*i. Let w be b(-2). Suppose 115*f - 44 = 113*f. Calculate the remainder when (w/10)/(16/(-1720)) is divided by f.
20
Let b(v) = -5*v + 8. Suppose -3 + 9 = -2*l. Calculate the remainder when 17*(13/1 + l) is divided by b(-7).
41
Let x = 20320 + -20241. Let g(k) = k**3 - 4*k**2 + k - 2. Let h be g(4). Suppose h*p + 3*p - 80 = 0. Calculate the remainder when x is divided by p.
15
Suppose -w - 6 = k, w = 6*w - 5*k. Let g be 0 - w/(3/2). What is the remainder when 57 is divided by (-438)/(-15) + g/(-10)?
28
Let m(q) be the third derivative of 7/12*q**4 + 13/6*q**3 - 11*q**2 + 0*q + 0 + 1/60*q**5. What is the remainder when 75 is divided by m(-14)?
10
Let q = 32633 + -20335. Calculate the remainder when q is divided by 4.
2
Suppose -94*k = 7*k - 14140. What is the remainder when k is divided by 12?
8
Let x = -2515 - -2536. What is the remainder when 82 is divided by x?
19
Calculate the remainder when -5 + 4*(-30)/(-96)*136 is divided by 70/3 - 4/(-6).
21
Suppose 601 = 160*d - 157*d - 4*u, d - 192 = 3*u. Suppose -5*a = -2*n - n + 101, a - 5 = 0. Calculate the remainder when d is divided by n.
39
Let y = -1265 - -3133. What is the remainder when y is divided by 85?
83
Suppose 24 - 40 = -2*u. Suppose u*c + 2*a = 6*c + 68, 4*c - 111 = a. What is the remainder when 53 is divided by c?
24
Let q be (8/6)/(-6 - (-44)/6). Let d(n) = 77*n - 50. What is the remainder when 75 is divided by d(q)?
21
Suppose -115 - 173 = -12*o. Let r(v) = -v**2 + 25*v + 46. Calculate the remainder when r(o) is divided by 24.
22
Let q = 1386 - 1314. Let w = -138 - -197. What is the remainder when q is divided by w?
13
Let y(g) = g**2 + 11*g - 108. Suppose -35*q = -11*q - 168. What is the remainder when 78 is divided by y(q)?
6
Suppose -4*f - 2*o + 824 = 0, -27*o - 618 = -3*f - 25*o. Calculate the remainder when f is divided by 195.
11
Let x be (21/(-2))/(6/(-8)). Let z be (x*1)/(4/(-16)). Let n = z + 109. Calculate the remainder when n is divided by 18.
17
Suppose 4*b - 176 = -2*h, 2*h = 2*b - h - 80. Let k = -1147 + 1170. What is the remainder when b is divided by k?
20
Let x(k) = 5*k - 2. Let i = 297 + -298. Let g(b) = -38*b - 32. What is the remainder when x(5) is divided by g(i)?
5
Suppose -3*m = -3*n - 7950, 0*m + 4*n = -3*m + 7922. Suppose 2*d + m = 11*d. Calculate the remainder when d is divided by 27.
24
Suppose i = -3*i + 60. Suppose -1818 - 2447 - 308 = -17*f. What is the remainder when f is divided by i?
14
Let s(j) = j**2 + 9*j - 42. Calculate the remainder when s(-22) is divided by 50.
44
Let k(l) = 14*l**2 + 8*l - 10. What is the remainder when 243 is divided by k(2)?
57
Suppose 858*b + 120 = 882*b. Calculate the remainder when 577 is divided by b.
2
Calculate the remainder when 13/((-4 + (-515)/(-130))*(-1 - 0)) is divided by 34.
32
Let x(k) = k**2 - 4*k + 13. Calculate the remainder when x(-5) is divided by (-2 - (4/2 - 1))*-3.
4
What is the remainder when 3218 is divided by -2 - (-204)/5 - (-342)/1710?
20
Calculate the remainder when (-1816)/(-16)*(8 + 7 + -5) is divided by 16.
15
Suppose 0*q + 21*q = 216909. What is the remainder when q is divided by 12?
9
Suppose 0 = -2*r, 5*r + 130 + 11 = -3*w. Suppose 0 = -3*v + 6 + 9, s = -5*v - 16. Let d = s - w. Calculate the remainder when 22 is divided by d.
4
Suppose 315 = 3*o - 8*o. Let p = -6 - o. Suppose 2*z - p = -z. Calculate the remainder when 56 is divided by z.
18
Let h(g) = 58*g**2 + g + 2. Let p(y) = 2*y**2 - 22*y - 25. Let b be p(12). What is the remainder when h(b) is divided by 3?
2
Let j(q) = 166*q - 368. Let m be j(-15). Calculate the remainder when (-34)/(-153) + m/(-18) is divided by -1 + 10*2 - -1.
19
Let o = 10227 + -10171. Suppose 2*y - 29 = -0*c - c, -c - 4*y = -37. Calculate the remainder when o is divided by c.
14
Let y = -456 - -4. Let k = 544 + y. What is the remainder when k is divided by 52?
40
Let z = -7188 + 7301. What is the remainder when 291 is divided by z?
65
Let x(s) = -2*s**2 - 72*s - 583. Calculate the remainder when 623 is divided by x(-13).
8
Let y(g) = -5*g**2 - 3 - 2972*g**3 + 0 - 7*g + 2973*g**3. What is the remainder when y(8) is divided by 45?
43
What is the remainder when -2 - -889 - 32/(320/30) is divided by 184?
148
Suppose -7*l - 491 + 778 = 0. Suppose l*h - 1725 + 208 = 0. Calculate the remainder when h is divided by -4*1*(-1 - 3).
5
Let g(o) = 733*o - 565. What is the remainder when 700 is divided by g(1)?
28
Suppose 59*d = 58*d - 1, 0 = l - d - 72. Calculate the remainder when 1490 is divided by l.
70
Suppose 5 = 2*i - b, 0 = 2*i - 2*b - 4. Let g be (-1)/(20/(-7) + i). Let w(m) = -m**2 - 12*m - 15. What is the remainder when 38 is divided by w(g)?
18
Let h(t) = -146*t - 29. What is the remainder when 691 is divided by h(-1)?
106
Let x(z) = -2*z**2 + 28*z + 21. Let y be x(12). Let r = y + -64. Suppose -5*l = -11 - 84. What is the remainder when l is divided by r?
4
Suppose 0 = 4*r - 228 + 16. Let x = 57 - r. Let z(c) = 10*c**2 - 6*c + 12. What is the remainder when z(x) is divided by 25?
23
Suppose 290 = 19*l - 9*l. Calculate the remainder when 178 is divided by (33 - l)*(-30)/(-8).
13
Calculate the remainder when 91 is divided by -8 - (-12 - -22)/(4/(-34)).
14
Let b(n) = 16*n**2 + n. Let l(t) = -t - 14. Let q be l(-13). Let r be b(q). Suppose -g + r - 1 = 0. What is the remainder when g is divided by 5?
4
Suppose -6*m + 3*m - x = -9, -5*x = 4*m - 23. Suppose -m*b + 45 = 5*z, 13*z + 5*b = 17*z - 69. What is the remainder when 32 is divided by z?
10
Suppose -6*m + 785 - 191 = 0. Suppose -16*c + m = -45. Calculate the remainder when 11 is divided by c.
2
Suppose -4*y + f = -556, 268 = 2*y - f - 2*f. Calculate the remainder when y is divided by -25 + 64 + 24 - 8.
30
Let a be 25/(-5) - -3 - (-1 - 1). What is the remainder when 963 is divided by 0 - -3 - 2 - (a - 68)?
66
Suppose 0 = j - 3, 37*w - 41*w - 5*j - 17 = 0. What is the remainder when -8*(-4)/w + 145 - -5 is divided by 38?
32
Let k = -1645 + 1748. What is the remainder when 108 is divided by k?
5
Let r = -20890 + 20971. Calculat